{"id":3366,"date":"2014-05-30T12:39:03","date_gmt":"2014-05-30T10:39:03","guid":{"rendered":"https:\/\/tavellarestaurant.com\/menus\/"},"modified":"2022-05-13T13:48:14","modified_gmt":"2022-05-13T11:48:14","slug":"menus","status":"publish","type":"page","link":"https:\/\/tavellarestaurant.com\/val\/menus\/","title":{"rendered":"Men\u00fas"},"content":{"rendered":"<p style=\"text-align: center;\">L&#8217;experi\u00e8ncia gastron\u00f2mica es presenta com un viatge cap a l&#8217;origen, com un homenatge al producte. Sobre la qualitat irrenunciable en les mat\u00e8ries primeres s&#8217;agrega respecte, creativitat i innovaci\u00f3. El primer acte comen\u00e7a amb un recorregut per sabors del m\u00f3n, les entrades acosten la tradici\u00f3 valenciana a altres cultures. <span style=\"line-height: 1.5;\">Mentre que l&#8217;acte principal et retorna a l&#8217;origen; a trav\u00e9s del foc en l&#8217;arr\u00f2s, el peix o la carn apareix el producte en el seu car\u00e0cter m\u00e9s pur.<\/span><\/p>\n<p style=\"text-align: center;\">*Pregunta pels nostres men\u00fas d&#8217;empresa i esdeveniments. <a  class=\"pixcode  pixcode--btn  btn  btn--small  btn--text\" href=\"https:\/\/tavellarestaurant.com\/contacto\/\" target=\"_blank\">Contacte<\/a>\n<p style=\"text-align: center;\"><div class=\"menu-list \">\n<hr class=\"separator\"\/>\n<\/div>\n\n<p>&nbsp;<\/p>\n","protected":false},"excerpt":{"rendered":"<p>L&#8217;experi\u00e8ncia gastron\u00f2mica es presenta com un viatge cap a l&#8217;origen, com un homenatge al producte. Sobre la qualitat irrenunciable en les mat\u00e8ries primeres s&#8217;agrega respecte, creativitat i innovaci\u00f3. El primer acte comen\u00e7a amb un recorregut per sabors del m\u00f3n, les entrades acosten la tradici\u00f3 valenciana a altres cultures. Mentre que l&#8217;acte principal et retorna a..<\/p>\n","protected":false},"author":1,"featured_media":3805,"parent":0,"menu_order":0,"comment_status":"closed","ping_status":"closed","template":"","meta":{"novablocks_hero_scroll_indicator":false,"novablocks_hero_position_indicators":false},"_links":{"self":[{"href":"https:\/\/tavellarestaurant.com\/val\/wp-json\/wp\/v2\/pages\/3366"}],"collection":[{"href":"https:\/\/tavellarestaurant.com\/val\/wp-json\/wp\/v2\/pages"}],"about":[{"href":"https:\/\/tavellarestaurant.com\/val\/wp-json\/wp\/v2\/types\/page"}],"author":[{"embeddable":true,"href":"https:\/\/tavellarestaurant.com\/val\/wp-json\/wp\/v2\/users\/1"}],"replies":[{"embeddable":true,"href":"https:\/\/tavellarestaurant.com\/val\/wp-json\/wp\/v2\/comments?post=3366"}],"version-history":[{"count":1,"href":"https:\/\/tavellarestaurant.com\/val\/wp-json\/wp\/v2\/pages\/3366\/revisions"}],"predecessor-version":[{"id":3514,"href":"https:\/\/tavellarestaurant.com\/val\/wp-json\/wp\/v2\/pages\/3366\/revisions\/3514"}],"wp:featuredmedia":[{"embeddable":true,"href":"https:\/\/tavellarestaurant.com\/val\/wp-json\/wp\/v2\/media\/3805"}],"wp:attachment":[{"href":"https:\/\/tavellarestaurant.com\/val\/wp-json\/wp\/v2\/media?parent=3366"}],"curies":[{"name":"wp","href":"https:\/\/api.w.org\/{rel}","templated":true}]}}